f 1092208?
0
What is the units digit of 397397?
7
What is the millions digit of 3300683?
3
What is the hundred thousands digit of 1266923?
2
What is the hundred thousands digit of 8924528?
9
What is the units digit of 279443?
3
What is the thousands digit of 173323?
3
What is the hundreds digit of 602806?
8
What is the hundred thousands digit of 937445?
9
What is the ten thousands digit of 121970?
2
What is the tens digit of 1533813?
1
What is the thousands digit of 29504?
9
What is the hundreds digit of 2573511?
5
What is the hundreds digit of 140272?
2
What is the tens digit of 805409?
0
What is the ten thousands digit of 828250?
2
What is the thousands digit of 142367?
2
What is the hundred thousands digit of 104181?
1
What is the millions digit of 2556856?
2
What is the ten thousands digit of 9932653?
3
What is the thousands digit of 5044712?
4
What is the units digit of 260952?
2
What is the units digit of 3937391?
1
What is the units digit of 157724?
4
What is the units digit of 269856?
6
What is the units digit of 6597840?
0
What is the thousands digit of 197010?
7
What is the ten thousands digit of 117162?
1
What is the thousands digit of 923659?
3
What is the units digit of 177704?
4
What is the tens digit of 1505438?
3
What is the units digit of 75178?
8
What is the thousands digit of 372551?
2
What is the thousands digit of 1155767?
5
What is the thousands digit of 6412343?
2
What is the hundreds digit of 25662547?
5
What is the ten thousands digit of 530009?
3
What is the units digit of 8993306?
6
What is the units digit of 142565?
5
What is the tens digit of 2155829?
2
What is the units digit of 873415?
5
What is the ten thousands digit of 33762?
3
What is the thousands digit of 620646?
0
What is the tens digit of 2149837?
3
What is the thousands digit of 657303?
7
What is the hundred thousands digit of 17680516?
6
What is the tens digit of 15146720?
2
What is the thousands digit of 69806?
9
What is the tens digit of 44750?
5
What is the ten millions digit of 11348438?
1
What is the thousands digit of 4810946?
0
What is the hundred thousands digit of 631742?
6
What is the hundred thousands digit of 603330?
6
What is the hundred thousands digit of 138840?
1
What is the tens digit of 489476?
7
What is the units digit of 436517?
7
What is the hundreds digit of 182734?
7
What is the units digit of 385097?
7
What is the ten thousands digit of 691289?
9
What is the millions digit of 1799751?
1
What is the units digit of 339986?
6
What is the units digit of 25664?
4
What is the ten thousands digit of 736472?
3
What is the units digit of 78530?
0
What is the hundreds digit of 634304?
3
What is the ten thousands digit of 103495?
0
What is the hundreds digit of 1646567?
5
What is the units digit of 29072?
2
What is the ten thousands digit of 189634?
8
What is the hundreds digit of 536950?
9
What is the units digit of 838798?
8
What is the thousands digit of 1771805?
1
What is the hundreds digit of 11135300?
3
What is the thousands digit of 13160067?
0
What is the thousands digit of 33592028?
2
What is the ten thousands digit of 354590?
5
What is the thousands digit of 430338?
0
What is the hundred thousands digit of 311108?
3
What is the ten thousands digit of 28537?
2
What is the millions digit of 5010025?
5
What is the millions digit of 8754460?
8
What is the hundreds digit of 795394?
3
What is the ten thousands digit of 5388947?
8
What is the hundreds digit of 221371?
3
What is the ten thousands digit of 10424510?
2
What is the thousands digit of 9887503?
7
What is the ten thousands digit of 167771?
6
What is the units digit of 206323?
3
What is the tens digit of 2627763?
6
What is the hundred thousands digit of 28068209?
0
What is the thousands digit of 858277?
8
What is the ten thousands digit of 340486?
4
What is the thousands digit of 1408269?
8
What is the tens digit of 343289?
8
What is the hundreds digit of 37648?
6
What is the thousands digit of 2214966?
4
What is the tens digit of 185551?
5
What is the hundreds digit of 323339?
3
What is the thousands digit of 3353184?
3
What is the hundreds digit of 5958780?
7
What is the tens digit of 579503?
0
What is the tens digit of 1222?
2
What is the hundreds digit of 223272?
2
What is the hundred thousands digit of 619617?
6
What is the tens digit of 5069873?
7
What is the thousands digit of 94784?
4
What is the millions digit of 1459234?
1
What is the hundreds digit of 3579?
5
What is the ten thousands digit of 738644?
3
What is the units digit of 24757644?
4
What is the tens digit of 97152?
5
What is the hundreds digit of 2454114?
1
What is the hundreds digit of 580649?
6
What is the tens digit of 581060?
6
What is the units digit of 563814?
4
What is the thousands digit of 2166048?
6
What is the thousands digit of 34798?
4
What is the ten thousands digit of 1995377?
9
What is the hundred thousands digit of 1325236?
3
What is the ten millions digit of 32908395?
3
What is the thousands digit of 146739?
6
What is the millions digit of 9204261?
9
What is the ten thousands digit of 38844?
3
What is the hundred thousands digit of 329848?
3
What is the tens digit of 1316031?
3
What is the units digit of 8417383?
3
What is the hundred thousands digit of 2722664?
7
What is the hundreds digit of 1946733?
7
What is the hundred thousands digit of 217608?
2
What is the ten thousands digit of 141209?
4
What is the units digit of 90034?
4
What is the tens digit of 144117?
1
What is the tens digit of 8091738?
3
What is the ten thousands digit of 7503447?
0
What is the tens digit of 390307?
0
What is the hundred thousands digit of 207068?
2
What is the units digit of 273105?
5
What is the units digit of 13869421?
1
What is the ten thousands digit of 76127?
7
What is the units digit of 175412?
2
What is the thousands digit of 350938?
0
What is the thousands digit of 259700?
9
What is the hundred thousands digit of 125130?
1
What is the hundreds digit of 5703650?
6
What is the thousands digit of 1122626?
2
What is the ten thousands digit of 977965?
7
What is the tens digit of 810185?
8
What is the ten thousands digit of 700813?
0
What is the ten thousands digit of 387714?
8
What is the units digit of 769651?
1
What is the tens digit of 323673?
7
What is the hundreds digit of 5195532?
5
What is the units digit of 2526772?
2
What is the hundreds digit of 31206?
2
What is the hundred thousands digit of 553996?
5
What is the units digit of 14315?
5
What is the hundreds digit of 7836054?
0
What is the hundred thousands digit of 693647?
6
What is the hundreds digit of 32923?
9
What is the thousands digit of 1050584?
0
What is the hundreds digit of 2979287?
2
What is the millions digit of 4714137?
4
What is the units digit of 224535?
5
What is the tens digit of 239859?
5
What is the tens digit of 147835?
3
What is the hundreds digit of 508447?
4
What is the hundreds digit of 1285209?
2
What is the hundreds digit of 868577?
5
What is the hundred thousands digit of 103466?
1
What is the tens digit of 96695?
9
What is the tens digit of 1532583?
8
What is the hundred thousands digit of 283006?
2
What is the ten millions digit of 11457100?
1
What is the hundred thousands digit of 359541?
3
What is the ten thousands digit of 258770?
5
What is the hundred thousands digit of 191433?
1
What is the thousands digit of 2720220?
0
What is the millions digit of 1875387?
1
What is the tens digit of 958294?
9
What is the ten thousands digit of 35526608?
2
What is the hundred thousands digit of 21445809?
4
What is the thousands digit of 465189?
5
What is the hundred thousands digit of 756760?
7
What is the hundreds digit of 527637?
6
What is the hundreds digit of 29320?
3
What is the ten thousands digit of 682176?
8
What is the ten thousands digit of 1085982?
8
What is the hundred thousands digit of 2846331?
8
What is the units digit of 451280?
0
What is the thousands digit of 7158492?
8
What is the hundreds digit of 4769294?
2
What is the hundreds digit of 102001?
0
What is the millions digit of 5687437?
5
What is the millions digit of 10438113?
0
What is the hundred thousands digit of 2954258?
9
What is the ten thousands digit of 334427?
3
What is the millions digit of 1703265?
1
What is the tens digit of 4585740?
4
Wh